m. Calculate the greatest common divisor of m and v.
20
Let d = -5657 - -5671. What is the highest common factor of d and 2674?
14
Let q be (7 - 9) + -22 - 9. Let a be -72*(q/(-6))/(-11). Let w = 8 + -6. Calculate the highest common factor of w and a.
2
Suppose -78960 = -178*i - 127*i + 117*i. Calculate the greatest common factor of 110 and i.
10
Let a(b) = b**3 - 7*b**2 + 9*b - 3. Let k be a(6). Let i be (-290466)/(-6534) - (-6)/11. Calculate the greatest common divisor of k and i.
15
Suppose 72*f - 3 = 71*f. Suppose 3*c - 20 - 16 = -3*b, 2*b = -f*c + 33. What is the highest common factor of c and 12?
3
Let m(f) = -47*f + 1004. Let v be m(21). Calculate the greatest common divisor of 14416 and v.
17
Suppose -11*f + 11704 = 11363. What is the highest common factor of f and 8587?
31
Let m be 11201/(-23)*(-6)/2. Suppose -7*t + 4*t = m. Let h = -298 - t. What is the greatest common factor of 27 and h?
27
Let b(y) = y**3 + 4*y**2 - 130*y - 154. Let a be b(-13). Calculate the highest common divisor of 165 and a.
15
Suppose q + p + 5 = 0, -6*q - 31 = 7*p - 2*p. Let h(z) = 8*z**2 + 23*z - 18. Let u be h(q). Calculate the greatest common divisor of 121 and u.
11
Let w(o) = 64*o**2 - 56*o + 52. Let m be w(1). Calculate the highest common divisor of m and 330.
30
Suppose 3*d + 1557 = v, -5*v + 14*d - 13*d = -7771. What is the highest common divisor of v and 294?
42
Let p = 6927 + -6868. Calculate the greatest common divisor of 6136 and p.
59
Let l = -155 + -71. Let k = l + 336. What is the greatest common factor of 10 and k?
10
Suppose y + 687 = -3*p, -5*p - 1134 = -y - y. Let r = 417 + p. Let s be -8 + 1 - (-12 + -2 - 14). Calculate the highest common divisor of r and s.
21
Suppose 4989 - 1873 = 3*y + 2*x, 2*y + 2*x = 2080. Let n = 16 + -11. Suppose n*z - y = z. Calculate the highest common factor of 37 and z.
37
Let p be (-2)/5*(-18 + 5 - -3). Suppose -10 = -b + 5*t, -p*t + 10 = b + t. What is the greatest common divisor of b and 6?
2
Suppose -h + 3*h - 2 = 0. Let m = -530 + 362. Let w be (8/6)/(-4*7/m). What is the highest common divisor of w and h?
1
Let i be ((-78)/(-4))/(3*(-4)/(-8)). Suppose -i*n = -2*n + 10461. Let l be n/(-12) + (-6)/(-8). What is the highest common factor of l and 10?
10
Let j(p) = -p**2 - 1308*p + 23877. Let i be j(18). Let d(n) = 49*n**2. Let t be d(-3). What is the highest common divisor of t and i?
9
Let x(l) = l**2 - 97*l + 1405. Let p be x(80). Calculate the greatest common factor of p and 540.
45
Suppose r + 155 = 4*i, 3*r + 5 - 8 = 0. Let l = i + -28. Let u = 14 - l. What is the highest common divisor of 7 and u?
1
Suppose 16 = 5*t - t. Suppose 4*d + 2*c - 92 = 0, 85 = 5*d - c - t*c. Let g be (-10)/(-35) + 733/7. Calculate the highest common factor of g and d.
21
Let v = -622 + 625. Suppose v*x - 1166 = -h, 4*x + 3*h - 1767 = -219. Calculate the highest common divisor of 10 and x.
10
Suppose -5*u + 59 + 3 = v, -3*v = 7*u - 106. Suppose s = -3*s + 1968. What is the greatest common divisor of v and s?
12
Suppose -256*f = -252*f - 3*h - 81142, 5*f + 4*h = 101474. What is the greatest common divisor of f and 20?
10
Let c(r) = r**3 + 6*r**2 - 2*r - 10. Let n be c(-6). Suppose x + 4*p - 13 = 0, -4*x + 75 + 49 = -n*p. Calculate the greatest common factor of 261 and x.
29
Suppose 0 = -0*l + 3*l + 3*j - 150, l + 4*j = 35. Calculate the greatest common factor of 55 and l.
55
Let z = 2 - 0. Let t be (-4)/((-60)/171) + 2/(-5). Suppose 3*u - t = -0*u + 4*a, -4*a - z = -2*u. Calculate the greatest common divisor of u and 45.
9
Let m(f) = -f**3 - 24*f**2 + 33*f - 111. Let x be m(-25). Let r = -309 - x. What is the greatest common divisor of r and 112?
2
Let a be -5*((-16)/(-20) + 2). Let u(h) = -85*h**3 + 44*h**3 + 40*h**3 - 17*h - 15*h**2 + 28. Let n be u(a). What is the greatest common divisor of n and 14?
14
Let y(s) = 2*s**2 + s - 1. Let f be y(-5). Let a(r) = -67*r**3 - 398*r**2 - 3*r - 8. Let j be a(-6). Calculate the greatest common factor of f and j.
22
Let c(y) = -y**3 - 7*y**2 + 4*y - 26. Let d be c(-8). Suppose -2*h + d = -5*q + 20, 4*h + 5*q - 32 = 0. Calculate the highest common divisor of h and 27.
3
Suppose t = -3*w - 16 + 43, -2*w = -3*t - 29. Calculate the greatest common divisor of w and 480.
10
Let b be (-2)/(-2)*-10*(-342)/285. Let a be 25281/45 + -2 - b/(-10). Calculate the greatest common factor of 33 and a.
33
Let t(n) = -34*n - 98. Let m be t(-3). Let j be (-3)/((-18)/(-112)*m/(-159)). What is the greatest common divisor of 14 and j?
14
Suppose -28*w = -17*w - 231. Let a(v) = -29*v - 3. Let h be 32/(-10) - 2/(-10). Let s be a(h). What is the greatest common factor of s and w?
21
Let i be ((-1)/3 - (10 - 13))/((-8)/(-6)). Calculate the highest common divisor of i and 440.
2
Let b(v) = -6*v + 7 + 12 - 1 + 4. Let d be b(-8). What is the greatest common divisor of 10 and d?
10
Let u be (207/12)/((-3)/36). Let o = u + 212. Let r be (0 + 4*1)*10. Calculate the highest common divisor of o and r.
5
Suppose 0*i - 953 = 6*i - 2393. What is the greatest common factor of i and 3480?
120
Let l = 96 - 158. Let g = 83 + l. What is the highest common divisor of g and 273?
21
Let k be -4*(-4)/16 + 701. Let q be ((-2)/(-6))/(9/k). Let c = 254 - 241. Calculate the greatest common divisor of q and c.
13
Let a be 4*12*12/16. Let x = 5940 - 5808. What is the greatest common factor of a and x?
12
Let v be (-1)/((5/35)/1). Let g = 15 + v. Let m(q) = q**3 - 8*q**2 + 4*q - 3. Let s be m(g). What is the highest common divisor of s and 87?
29
Suppose -i + 4*i - 4*w - 201 = 0, 4*w = 4*i - 264. Let l be (-189)/((1*-1)/(45/45)). Calculate the highest common divisor of l and i.
63
Suppose 0 = -32*u + 11*u + 1323. Let k = 266 - 119. Calculate the greatest common factor of u and k.
21
Suppose 4*s - 3*a = -2984, 5*a - 1297 = s - 534. Let z = s - -1047. What is the highest common divisor of z and 57?
19
Suppose -3*f = w - 7, 0 = -4*f - 892*w + 893*w + 21. Let l = -63 + 45. Let k be (l/4)/((-2)/16). Calculate the highest common divisor of f and k.
4
Suppose 1312 + 1612 = 2*m. Let l be 6/(-8) + m/136. What is the highest common divisor of l and 10?
10
Let l(n) = 6*n - 31. Let o be l(9). Let q = o + -26. Let w be (-1 - 7)/(q/39). What is the highest common factor of w and 13?
13
Let d be 55/(2970/(-27))*(-5)/((-5)/(-18)). Suppose -5*v + u + 163 = 0, -u = 3*v - 6*u - 111. Let h = v - 23. Calculate the greatest common divisor of d and h.
9
Let q be 2/3*6/8*-36. Let s = 36 + q. Let k = 53 - s. Calculate the highest common factor of 315 and k.
35
Let a = -132 + 152. Suppose -27*g + 126 = -a*g. What is the highest common factor of 414 and g?
18
Let r be (-2)/(-3)*(-60)/(-10). Suppose -3*k + 41 = -5*j, 0*j - 20 = -r*j. Suppose -3*t + 242 = -352. Calculate the greatest common divisor of t and k.
22
Suppose h = 3*r + 4*h - 39, 28 = r + 4*h. Let y = 4 + 3. Suppose y*z = 29 + 55. What is the highest common divisor of z and r?
4
Let g = 212 + 180. Suppose 0 = 10*a - 1341 - 129. Calculate the greatest common factor of a and g.
49
Let s(r) = -r**2 - 86*r + 1520. Let q be s(-100). Calculate the highest common factor of q and 408.
24
Let p be (-344)/(-12) - (-4)/12. Let b = 377 + -116. What is the highest common divisor of p and b?
29
Let a(x) = -x + 502. Let j be a(80). Calculate the greatest common factor of 4 and j.
2
Suppose 2*m - 21 = -35. Let y(d) = -2*d - 16. Let a be y(m). Let r be ((-2)/a)/((-3)/(-315)) + 3. Calculate the greatest common divisor of r and 36.
36
Let n = -6856 - -7292. What is the highest common factor of n and 52?
4
Let d = -11574 - -11728. What is the highest common factor of 506 and d?
22
Let m be ((-7392)/330 + 3/(-5))/(-1). What is the highest common factor of m and 7?
1
Let w(m) = m**2 + 15*m - 161. Let s be w(13). What is the highest common divisor of s and 308?
7
Let o(a) = a**3 - 29*a**2 + 59*a - 117. Let l be o(27). Let j = 3 - 0. Suppose j*r + r = 72. Calculate the greatest common divisor of l and r.
18
Let d(o) = -3*o**2 + 18*o + 760. Let a be d(-12). Calculate the greatest common factor of 3632 and a.
16
Let m = -282 - -321. Suppose 766*h - 769*h + m = 0. Let w be 38 + 0 - (2 + -3). What is the highest common factor of w and h?
13
Suppose b - 3211 = 2*y + 386, -4*b - 2*y + 14348 = 0. What is the greatest common divisor of